 s(9).
-8
Let c(g) = g**3 + 9*g**2 + 20*g + 14. What is c(-8)?
-82
Let f(c) = c**2 + c - 98. Determine f(10).
12
Let r(q) = 22*q**2 - 9*q + 3. Determine r(2).
73
Let t(k) = 2*k**3 + 29*k**2 + 34*k + 345. Calculate t(-14).
65
Let s(a) = -1551*a - 10862. Determine s(-7).
-5
Let d(k) = k**3 + 37*k**2 - 121*k - 19. What is d(-40)?
21
Let l(q) = -q**2 - 21*q + 6986. Calculate l(74).
-44
Let z(x) = x**2 + 146*x + 1828. What is z(-14)?
-20
Let p(u) = u**3 - 228*u**2 + 48*u - 10966. Calculate p(228).
-22
Let t(b) = b**2 - 7*b + 19. Determine t(2).
9
Let b(t) = -6*t**2 + 124*t - 27. What is b(19)?
163
Let p(y) = y**2 - 96*y + 333. Give p(4).
-35
Let y(q) = -17*q - 652. Calculate y(-47).
147
Let c(p) = 164*p - 1102. Determine c(8).
210
Let h(c) = c**3 - 17*c**2 + 41*c + 87. What is h(13)?
-56
Let i(x) = x**2 + 430*x - 5342. Determine i(12).
-38
Let c(n) = -563*n + 46721. Calculate c(83).
-8
Let r(o) = -35*o**2 + 389*o - 46. Give r(11).
-2
Let l(z) = -410*z + 38. Calculate l(-1).
448
Let b(u) = 17*u**3 + 271*u**2 - 22*u - 18. Determine b(-16).
78
Let c(h) = h**2 + 14*h - 707. Give c(0).
-707
Let u(w) = -5*w**3 + 181*w**2 - 36*w + 8. Calculate u(36).
8
Let g(b) = b**3 - 105*b**2 + 101*b + 299. What is g(104)?
-13
Let r(q) = -132*q - 927. Calculate r(-7).
-3
Let d(y) = -59*y - 1468. What is d(-25)?
7
Let q(n) = 6*n**2 + 239*n + 1002. What is q(-35)?
-13
Let l(z) = z**3 + 100*z**2 - 634*z - 18. Calculate l(6).
-6
Let t(d) = -18*d + 280. What is t(16)?
-8
Let g(a) = -a**3 + 36*a**2 - 39*a + 77. What is g(35)?
-63
Let n(x) = x**3 - 5*x**2 - 57*x + 201. Determine n(9).
12
Let z(r) = r**2 + 59*r + 653. Determine z(-23).
-175
Let u(q) = -2*q**2 - 161*q + 230. Calculate u(-82).
-16
Let j(k) = k**3 - 71*k**2 + 267*k + 49. What is j(67)?
-18
Let o(l) = -l**3 - 12*l**2 - 30. Give o(-12).
-30
Let h(b) = 104*b + 416. Give h(-4).
0
Let p(h) = -25*h + 2373. Determine p(95).
-2
Let h(n) = 96*n + 371. Determine h(-4).
-13
Let u(r) = r**3 - 10*r**2 - 2726*r + 24621. What is u(9)?
6
Let y(s) = s**2 + 19*s - 18. What is y(4)?
74
Let t(x) = -2*x**2 + 64*x - 27. Give t(18).
477
Let c(m) = m**3 + 16*m**2 - 6*m - 157. Determine c(-15).
158
Let h(y) = y**3 + 42*y**2 + 150*y + 4476. Determine h(-41).
7
Let h(q) = -91*q + 1101. Give h(12).
9
Let b(h) = 2*h**2 - 286*h + 846. Give b(3).
6
Let z(a) = -3*a**2 + 62*a - 4. Give z(21).
-25
Let g(p) = p**3 - 9*p**2 - 71*p + 8. Give g(14).
-6
Let u(y) = y**2 - 29*y - 207. Determine u(36).
45
Let x(r) = -r**3 - 17*r**2 + 14*r - 2093. Calculate x(-22).
19
Let n(f) = -44*f + 848. What is n(19)?
12
Let z(o) = 2192*o - 15336. Determine z(7).
8
Let n(f) = -f**3 - 34*f**2 + 42*f + 213. Give n(-35).
-32
Let u(a) = -a**3 - 7*a**2 + 86*a - 36. Determine u(6).
12
Let w(g) = -29*g + 2. Give w(7).
-201
Let x(a) = 6*a + 10. Determine x(6).
46
Let o(g) = 9*g**3 + 14*g**2 - 2*g - 8. Determine o(-4).
-352
Let m(b) = 7*b**2 + 298*b + 163. Calculate m(-42).
-5
Let a(u) = -u**3 + 97*u**2 - 461*u + 101. Determine a(92).
9
Let f(j) = -2*j**3 - 29*j**2 + 40*j + 14. Calculate f(-16).
142
Let y(t) = 27*t + 14. What is y(11)?
311
Let r(h) = 34*h - 1915. Determine r(56).
-11
Let z(w) = -112*w**3 + 1. Calculate z(1).
-111
Let v(l) = -l**2 - 6943*l - 48564. Determine v(-7).
-12
Let a(w) = 127*w - 401. What is a(3)?
-20
Let u(o) = -95*o - 1635. Give u(-20).
265
Let i(b) = 17*b - 243. Calculate i(16).
29
Let j(p) = p**2 - 75*p + 834. Determine j(14).
-20
Let q(d) = 73*d - 125. Give q(1).
-52
Let t(a) = -392*a - 1260. Calculate t(-4).
308
Let i(b) = -b**3 + 34*b**2 + 6*b - 231. Give i(34).
-27
Let j(s) = s**2 - 20*s + 67. Determine j(13).
-24
Let w(u) = -u**2 + 43*u + 409. Calculate w(57).
-389
Let a(n) = n**2 + 13*n + 49. Determine a(-6).
7
Let f(l) = 2*l**3 - 36*l**2 - 26*l - 213. Determine f(19).
15
Let a(p) = p**3 + 47*p**2 + 7*p + 205. Calculate a(-47).
-124
Let n(t) = t**3 + 30*t**2 - 6*t - 173. Calculate n(-30).
7
Let t(m) = -m**2 - 138*m - 396. Give t(-138).
-396
Let t(u) = 24*u + 176. Calculate t(-7).
8
Let x(f) = -226*f - 485. What is x(-2)?
-33
Let w(f) = -5*f**2 + 100*f + 14. Determine w(20).
14
Let d(u) = 17*u**2 + u - 20. Calculate d(2).
50
Let z(q) = -67*q - 2788. Determine z(-40).
-108
Let d(f) = -2*f**3 - 15*f**2 - 294*f - 1981. Give d(-7).
28
Let h(q) = -34*q - 1431. Determine h(-42).
-3
Let u(f) = 40*f + 4. Give u(2).
84
Let i(l) = -l**3 + l**2 + 12*l - 51. Give i(4).
-51
Let i(c) = -959*c + 7633. What is i(8)?
-39
Let v(p) = -189*p + 784. What is v(4)?
28
Let n(i) = -2*i**3 + 8*i**2 - 39*i - 42. What is n(7)?
-609
Let p(t) = 6*t**2 - 87*t - 6. Calculate p(12).
-186
Let y(z) = -10*z + 91. Give y(7).
21
Let u(c) = -173*c + 6180. Determine u(35).
125
Let n(w) = 373*w + 11921. Calculate n(-32).
-15
Let s(x) = 38*x**2 + 3*x - 2. Calculate s(1).
39
Let j(c) = -26*c**2 + 3642*c - 3897. Give j(139).
-5
Let l(d) = 7*d**2 - 3*d - 7. Give l(0).
-7
Let f(b) = 994*b - 27824. Calculate f(28).
8
Let a(t) = t**3 - 9*t**2 - 19*t + 87. Determine a(10).
-3
Let v(n) = -n**3 - 76*n**2 - 10*n - 756. Determine v(-76).
4
Let f(m) = -2*m**2 + 87*m - 889. What is f(17)?
12
Let u(k) = -5*k**2 - 6*k - 18. What is u(0)?
-18
Let u(y) = -2*y**2 + 38*y - 97. Give u(3).
-1
Let g(l) = l**3 - 11*l**2 - 27*l - 70. Determine g(13).
-83
Let o(i) = 4*i**2 + 57*i - 55. Determine o(1).
6
Let i(g) = 2*g**2 - 68*g + 320. Give i(0).
320
Let u(b) = b**3 - 8*b**2 + 20*b - 18. What is u(9)?
243
Let l(c) = 7*c**2 - 319*c - 1221. What is l(49)?
-45
Let w(h) = 24*h**2 + 26*h - 64. Give w(3).
230
Let a(o) = -746*o - 31332. Give a(-42).
0
Let b(n) = -n**3 - 23*n**2 + 4*n + 95. Calculate b(-22).
-477
Let t(p) = -6*p**2 + 110*p + 53. What is t(19)?
-23
Let p(d) = -14*d - 468. Determine p(-33).
-6
Let q(k) = 3*k**3 + 17*k**2 + 5*k + 27. Determine q(-7).
-204
Let z(v) = -2520*v + 7548. Give z(3).
-12
Let z(c) = 21*c**2 - 68*c + 2. What is z(3)?
-13
Let j(m) = -11*m - 1163. What is j(-106)?
3
Let y(x) = 22*x - 270. Determine y(11).
-28
Let j(h) = -h**3 + 27*h**2 - 169*h - 25. Calculate j(17).
-8
Let v(r) = -r**3 + 94*r**2 + 289*r - 7. Determine v(-3).
-1
Let d(u) = u**3 + 24*u**2 - 2248*u - 52236. What is d(-23)?
-3
Let z(u) = 171*u - 6034. Determine z(35).
-49
Let s(c) = 34*c**3 + 715*c**2 + 27*c + 119. What is s(-21)?
-7
Let i(s) = s**3 - 94*s**2 + 1051*s + 185. Give i(81).
23
Let m(g) = -149*g + 522. Give m(4).
-74
Let u(v) = 5*v**2 - 165*v - 182. Determine u(34).
-12
Let l(z) = z**3 - 121*z**2 + 1680*z + 5. Determine l(105).
5
Let b(s) = -s**3 - 28*s**2 - 52*s - 49. Calculate b(-26).
-49
Let m(z) = -z**3 - 4*z**2 + 32*z - 23. Give m(6).
-191
Let n(w) = -2*w**2 + 523*w + 7998. Calculate n(276).
-6
Let c(q) = 8*q - 153. Determine c(23).
31
Let v(u) = -u**3 + 80*u**2 - 176*u + 1552. Calculate v(78).
-8
Let z(q) = -2*q**2 - 76*q + 13. Determine z(-39).
-65
Let t(c) = -c**2 + 1202*c + 6015. Calculate t(-5).
-20
Let t(y) = -y**2 + 57*y - 171. What is t(55)?
-61
Let s(z) = 2*z**2 - 14*z + 63. Determine s(10).
123
Let l(q) = 57*q + 352. Determine l(-6).
10
Let l(m) = -2*m**2 - 102*m - 1059. Determine l(-39).
-123
Let g(l) = l**2 + 95*l + 820. Calculate g(-45).
-1430
Let b(o) = -68*o**3 - 681*o**2 - o + 95. What is b(-10)?
5
Let h(x) = 32*x**3 + x**2 + 3*x + 1. Give h(-1).
-33
Let d(w) = -3*w - 36. Give d(-11).
-3
Let o(c) = -5*c - 560. Determine o(8).
-600
Let w(g) = 176*g - 9149. Determine w(52).
3
Let p(d) = d**3 - 73*d**2 - 75*d + 25. Give p(74).
-49
Let z(x) = -x**2 + 53*x + 96. What is z(55)?
-14
Let z(q) = 1369*q - 27. What is z(0)?
-27
Let j(n) = 4*n**3 + 583*n**2 - 150*n - 628. Determine j(-146).
-44
Let s(x) = 61*x + 631. Determine s(-10).
21
Let n(c) = -53*c**2 - 642*c - 68. Determine n(-12).
4
Let d(n) = -1186*n + 3557. What is d(3)?
-1
Let v(c) = 131*c - 14541. Calculate v(111).
0
Let i(g) = 23*g**2 - 87*g - 3. What is i(5)?
137
Let h(w) = -74*w - 488. Calculate h(-7).
30
Let o(c) = -3*c**2 + 31*c + 357. Give o(-10).
-253
Let r(t) = 180*t - 102. What is r(1)?
78
Let l(t) = -2236*t + 2293. Calculate l(1).
57
Let i(t) = 478*t + 4318. Determine i(-9).
16
Let v(z) = -8*z - 170. Determine v(-35).
110
Let v(c) = -9*c - 102. Give v(-24).
114
Let s(r) = 6*r**3 + 134*r**2 + 703*r + 35. Give s(-14).
-7
Let w(x) = 79*x**2 - 20*x + 20. Determine w(1).
79
Let o(h) = -h**2 - 11*h + 75. What is o(8)?
-77
Let l